 the prime factors of o/(-5) - 2/10.
3, 5
Suppose 0 = -3*b - 9, 5*v - 3*v + 2*b = -144. Let h = -38 - v. Suppose -5*g + 4 + h = 0. What are the prime factors of g?
7
Let k be 542/10 - (-1)/(-5). Suppose -2*a + a + 3 = 0, -3*f - 5*a = -k. What are the prime factors of f?
13
Let h(z) = -3*z - 1. Let i be h(-1). Suppose 0 = i*c + 3 - 7. List the prime factors of c.
2
Let a(y) = -7*y**3 + y + 1. Let g(w) = -w**3 + 6*w**2 - w + 8. Let q be g(6). Suppose c + 1 = -2*l - 0*l, -5 = q*l - 3*c. What are the prime factors of a(l)?
7
Suppose n - 1 = 16. Suppose 2*h - 37 = n. List the prime factors of h.
3
Let x(o) = -o**3 + 6*o**2 - 2*o - 4. Let r be x(4). Let h = 8 + -3. Suppose -12 = -u + 4*v + 14, -h*v = 4*u - r. What are the prime factors of u?
2, 5
Suppose a = -0 + 3. Let v = 5 + a. List the prime factors of v.
2
Let g(u) = u**3 + 6*u**2 - 10*u - 2. Let t be g(-7). Let d be (0 - -1)*9*-1. Let l = d + t. List the prime factors of l.
2, 5
Let d(b) = -7*b**3 - 6*b**2 - b - 5. Let u(x) = -x**3 + x. Let c(t) = -d(t) + 6*u(t). List the prime factors of c(-4).
3
Suppose 6*x = 3*x + 60. Suppose -x = -3*t + 34. What are the prime factors of t?
2, 3
Let z(t) = t**2 + t - 2. Let i be z(-2). Suppose a = 5 - i. Suppose 5*n - 63 + 18 = -a*s, 4*n - 36 = 2*s. What are the prime factors of n?
3
Suppose 0*q = -3*q. Suppose 3*h - 126 = -2*m, q = -2*h - 2*h - m + 163. What are the prime factors of h?
2, 5
Let w(q) = -q**2 - 1 - 7 - 9*q - 1. What are the prime factors of w(-7)?
5
Suppose -6 = 5*a - 56. Let o = a + -2. List the prime factors of o.
2
Suppose 0 = -2*m - 2*m. Suppose 0 = 3*k - l - 116, 3*k - 2*l = -m*l + 118. List the prime factors of k.
2, 19
Let z = 363 - 217. What are the prime factors of z?
2, 73
What are the prime factors of 8*(2 + -1)*1?
2
Suppose 0 = 5*p + 3*w + 10, 0 = -2*p - 2*p - 5*w - 21. Let g = -5 + p. Let c(v) = -v**3 - 3*v**2 + v - 1. List the prime factors of c(g).
11
Suppose 5*i - 25 = 295. What are the prime factors of i?
2
Let r be 48/(-18)*(-6)/(-4). What are the prime factors of -15*(-4)/(-20)*r?
2, 3
Let l = 0 + 10. Suppose 3*p - 2*c - l = 0, -2*c - 36 = -4*p - 5*c. Let i(k) = k + 1. What are the prime factors of i(p)?
7
Suppose 3*k - 40 + 7 = 0. Suppose 0 = -3*b + k + 4. Suppose t - 3*t + 16 = -2*l, -b*l + 68 = 4*t. What are the prime factors of t?
2, 3
What are the prime factors of 2260/36 + 6/27?
3, 7
Let t(q) = -q**3 + 2*q**2 + 4*q. Let n be t(3). Suppose 2*p + 18 = -2*x, -31 = n*p + x - 10. Let r = -4 - p. List the prime factors of r.
2
Suppose 2*a = 5 + 3. Suppose 3*t + 24 = h, 5*h + 0*t - 98 = a*t. What are the prime factors of h?
2, 3
Let z(v) = -50*v**3 - v**2 + 1. Let t be z(1). Let k = t + 87. List the prime factors of k.
37
Let u(q) = -6*q - 6. Suppose 4*n = 8 - 24. What are the prime factors of u(n)?
2, 3
Let t(y) = y**2 + y + 1. Let g(v) = -v**3 - v**2 - 10. Let b(x) = -g(x) - 6*t(x). Suppose 0*q + 15 = k - 3*q, -5*q - 45 = -5*k. List the prime factors of b(k).
2
Let o(r) = -10*r**2 - 7*r + 6. Let m(k) = 10*k**2 + 6*k - 5. Let b(h) = 7*m(h) + 6*o(h). Let x = -67 + 66. What are the prime factors of b(x)?
11
Suppose 1 = -4*y + 21. Suppose -5*i + 65 = 2*k, -y*i + 4*k + 35 = -0*k. Suppose -4*l + 17 = -i. List the prime factors of l.
7
Let g = 1 + -1. Suppose -3*y + l + g*l = -40, -y - l + 8 = 0. Suppose 2*u + 4 = y. List the prime factors of u.
2
Let i(p) = -14*p**3. Let d be i(1). Let f be (9 + -2)*(-4)/d. Suppose -r = 4*u - 0*r - 41, 3*u - 32 = -f*r. What are the prime factors of u?
2, 5
Suppose -10 = 5*u - 5*i, 0 = -3*u - 3*i + 30 - 12. Suppose u = -5*c + 5*w - 3, 0 = -5*c + 3*w - 9. Let p = c - -6. What are the prime factors of p?
3
Let g = 37 - 6. Let k = g + -20. What are the prime factors of k?
11
Suppose -4*l - 60 = 4*c, -2*c + 4*l = -4*c - 30. Suppose 1 = -2*b + 9. What are the prime factors of (-10)/c - b/(-3)?
2
Let l = -7 + 13. Suppose -5*q = -l*q + 25. List the prime factors of q.
5
Suppose -10 = q + 4*h, 3*h + 25 = -3*q + 4. Let j = 3 - q. What are the prime factors of j?
3
Suppose -w - 4*s - 17 = 0, 4 = 2*s - 2. Let c = 56 + w. What are the prime factors of c?
3
Suppose 3*p = -2 + 17. Suppose 15 + 0 = -p*j. What are the prime factors of j/4*40/(-5)?
2, 3
Let r(y) = 2*y + 0*y + y**2 + 2*y - 5. Let b be r(-5). Let s(l) = -l**2 + 3. List the prime factors of s(b).
3
Let o(m) = 2*m**2 + 3*m + 3. Let n be o(3). Suppose 6*h - n = 3*h. What are the prime factors of h?
2, 5
Let v be (8/(-6))/(-2)*12. Suppose 0*g = 4*g - 20. Suppose 0 = -g*q + 22 + v. List the prime factors of q.
2, 3
Let p(z) = -z**2 - 4*z + 192. What are the prime factors of p(0)?
2, 3
Let p(i) = i**2 - 3*i - 5. What are the prime factors of p(-2)?
5
Let r = 20 + -13. Let q(a) = a**3 + 11 + 0*a**3 + 5*a**2 + r*a**2. List the prime factors of q(-12).
11
List the prime factors of 5*(-2)/(-10) + 14*13.
3, 61
Suppose 16*z = 14*z + 50. List the prime factors of z.
5
Let v(s) = 2*s**2 + 7*s - 2. Let q be 1/(-3) + 31/3. Let w be (q/(-6))/((-3)/(-9)). What are the prime factors of v(w)?
13
Suppose -2*d - 60 = 5*f + 9, 3*d - 5*f + 166 = 0. Let t = d + 70. What are the prime factors of t?
23
Suppose 4*u + u - 1570 = 0. List the prime factors of u.
2, 157
Let q be 0 + 3 + -3 + -19. List the prime factors of 2/(-3)*(1 + q).
2, 3
Let d(c) = 13*c**2 - 1. Let i be d(-1). Suppose -f = 3*f - i. What are the prime factors of f?
3
Let l be ((-4)/(-6))/(32/(-432)). List the prime factors of 2 + (-6 - -2) - l.
7
Let m(y) be the second derivative of y**5/20 + 5*y**4/12 - 2*y**3/3 + y**2 - y. List the prime factors of m(-5).
2, 11
Suppose -55 = -3*g + 2. Suppose 3*q - 34 = -5*v, -4 = 5*q - g. Let o = -3 + v. List the prime factors of o.
2
Suppose 4*c = -5*f + 32 + 34, -5*f + 69 = c. What are the prime factors of f?
2, 7
Let w = -18 - -72. List the prime factors of w.
2, 3
Suppose 4*b = 2*s - 0*s - 180, 4*b + 12 = 0. List the prime factors of s.
2, 3, 7
Let l(o) = o - 9. Let x be l(7). Let t = x + 4. Suppose 0 = -4*v + t*h + 26, 4*v + 2*h = 6*h + 24. What are the prime factors of v?
7
Suppose 3*r = 3*s + 87, 0 = s - 6*s + 3*r - 141. Let i be ((-1)/(-3))/((-3)/s). Suppose 0 = -i*p + 23 + 10. What are the prime factors of p?
11
Suppose 3*s = -s - 5*k + 58, -2*s = k - 26. Let f = 4 + s. Let h = -7 + f. What are the prime factors of h?
3
Suppose 2*f + f = 87. Let q = f + -16. List the prime factors of q.
13
Suppose -3*w = -2*j + 5, 3*w - 5*w - 3*j = 25. Let b = 5 - w. Let p = b + -4. What are the prime factors of p?
2, 3
Let s = -21 - -25. Suppose s*a + 9 = 53. List the prime factors of a.
11
Let n(x) = x**3 + 13*x**2 + 12*x. Let l be n(-12). Suppose 2*h - 8 = l, 0*p + 5*p + 3*h = 82. List the prime factors of p.
2, 7
Let r = 21 + -13. Suppose -2*z + 3*p + 2*p - 4 = 0, 4*z - 2*p = -r. List the prime factors of 21/(-14) - 39/z.
2, 3
Let o be (2 - 4) + 1 - -7. Suppose k + 0 - o = 0. List the prime factors of k.
2, 3
Let z(d) = d**3 + 1. Let j be z(-1). Let c = j + 8. Suppose c = -0*n + n. What are the prime factors of n?
2
Let l(z) = z**3 - 2*z**2 - 13*z + 4. List the prime factors of l(5).
2, 7
Let x(f) = -3*f - 1. Let q be (14/5)/(6/15). Let t = q - 9. List the prime factors of x(t).
5
Suppose 0 = 2*l + 3*a - 2 - 18, 0 = l - a - 10. Let c = 8 + l. What are the prime factors of c?
2, 3
Let z(a) = a**3 + 6*a**2 - 10. Let j(d) = d. Let m(x) = 6*j(x) - z(x). List the prime factors of m(-7).
17
Let q = 5 + -5. Suppose q = 2*i + 2*i - 16. Let j = 2 + i. What are the prime factors of j?
2, 3
Suppose -6*v = -2*v. Suppose -b + 66 = 4*b - 4*y, 5*b + 4*y - 74 = v. List the prime factors of b.
2, 7
Suppose -3*v + 5*t = 6, 0*t - 2*t - 10 = 5*v. What are the prime factors of v/((-10)/8 - -1)?
2
Let l(u) = -u**2 + 1. Let z be l(1). Suppose 6*t - 2*t = z. Suppose m + 4*m - 70 = t. What are the prime factors of m?
2, 7
Suppose 79 - 1007 = -4*f. Suppose -2*a - 4*l - 112 = -l, -4*a - 4*l - f = 0. Let j = -44 - a. List the prime factors of j.
2, 3
Suppose 4*w + 0*w = 0. What are the prime factors of (-30 - w)*14/(-21)?
2, 5
Let g(s) = 2*s**2 + 23*s + 35. List the prime factors of g(-17).
2, 3, 37
Let f(s) be the second derivative of 1/6*s**3 - 3*s + 5*s**2 + 0. What are the prime factors of f(0)?
2, 5
Suppose 68 = 4*k - 2*k. What are the prime factors of k?
2, 17
Suppose -p = -6*p - z - 288, 0 =